{"id":5602,"date":"2025-11-04T20:24:12","date_gmt":"2025-11-04T20:24:12","guid":{"rendered":"https:\/\/dahianvelasquez.com\/?post_type=product&#038;p=5602"},"modified":"2025-11-04T20:24:12","modified_gmt":"2025-11-04T20:24:12","slug":"tocado-rose","status":"publish","type":"product","link":"https:\/\/dahianvelasquez.ch\/en\/product\/tocado-rose\/","title":{"rendered":"Tocado Ros\u00e9"},"content":{"rendered":"<p><span style=\"font-weight: 400;\">Tocado elaborado con t\u00e9cnica de alambrismo, tejido a mano en alambre con ba\u00f1o en oro rosa. Decorado con mostacilla y cristales en tonos plata e ivory, crea un brillo sutil y sofisticado. Su dise\u00f1o flexible permite adaptarlo f\u00e1cilmente al peinado, perfecto para llevar como diadema o en estilo de corona griega, aportando un toque de luz y modernidad que realza cualquier look nupcial.<\/span><span style=\"font-weight: 400;\"><br \/>\n<\/span><\/p>\n<p><b>Color: <\/b><span style=\"font-weight: 400;\">Mostacilla brillante y cristales, alambre color a elecci\u00f3n.\u00a0<\/span><span style=\"font-weight: 400;\">Puedes pedirlo por encargo en color plateado o dorado.<\/p>\n<p><\/span><\/p>","protected":false},"excerpt":{"rendered":"<p>Tocado elaborado con t\u00e9cnica de alambrismo, tejido a mano en alambre con ba\u00f1o en oro rosa. Decorado con mostacilla y cristales en tonos plata e ivory, crea un brillo sutil y sofisticado. Su dise\u00f1o flexible permite adaptarlo f\u00e1cilmente al peinado, perfecto para llevar como diadema o en estilo de corona griega, aportando un toque de [&hellip;]<\/p>\n","protected":false},"featured_media":5603,"comment_status":"open","ping_status":"closed","template":"","meta":{"om_disable_all_campaigns":false,"_monsterinsights_skip_tracking":false,"_monsterinsights_sitenote_active":false,"_monsterinsights_sitenote_note":"","_monsterinsights_sitenote_category":0},"product_brand":[],"product_cat":[30],"product_tag":[],"class_list":{"0":"post-5602","1":"product","2":"type-product","3":"status-publish","4":"has-post-thumbnail","6":"product_cat-tocados-y-accesorios-para-el-cabello","8":"first","9":"instock","10":"shipping-taxable","11":"purchasable","12":"product-type-simple"},"aioseo_notices":[],"_links":{"self":[{"href":"https:\/\/dahianvelasquez.ch\/en\/wp-json\/wp\/v2\/product\/5602","targetHints":{"allow":["GET"]}}],"collection":[{"href":"https:\/\/dahianvelasquez.ch\/en\/wp-json\/wp\/v2\/product"}],"about":[{"href":"https:\/\/dahianvelasquez.ch\/en\/wp-json\/wp\/v2\/types\/product"}],"replies":[{"embeddable":true,"href":"https:\/\/dahianvelasquez.ch\/en\/wp-json\/wp\/v2\/comments?post=5602"}],"wp:featuredmedia":[{"embeddable":true,"href":"https:\/\/dahianvelasquez.ch\/en\/wp-json\/wp\/v2\/media\/5603"}],"wp:attachment":[{"href":"https:\/\/dahianvelasquez.ch\/en\/wp-json\/wp\/v2\/media?parent=5602"}],"wp:term":[{"taxonomy":"product_brand","embeddable":true,"href":"https:\/\/dahianvelasquez.ch\/en\/wp-json\/wp\/v2\/product_brand?post=5602"},{"taxonomy":"product_cat","embeddable":true,"href":"https:\/\/dahianvelasquez.ch\/en\/wp-json\/wp\/v2\/product_cat?post=5602"},{"taxonomy":"product_tag","embeddable":true,"href":"https:\/\/dahianvelasquez.ch\/en\/wp-json\/wp\/v2\/product_tag?post=5602"}],"curies":[{"name":"wp","href":"https:\/\/api.w.org\/{rel}","templated":true}]}}

Tocado Rosé

<p><span style="font-weight: 400;">Tocado elaborado con técnica de alambrismo, tejido a mano en alambre con baño en oro rosa. Decorado con mostacilla y cristales en tonos plata e ivory, crea un brillo sutil y sofisticado. Su diseño flexible permite adaptarlo fácilmente al peinado, perfecto para llevar como diadema o en estilo de corona griega, aportando un toque de luz y modernidad que realza cualquier look nupcial.</span><span style="font-weight: 400;"><br />
</span></p>
<p><b>Color: </b><span style="font-weight: 400;">Mostacilla brillante y cristales, alambre color a elección. </span><span style="font-weight: 400;">Puedes pedirlo por encargo en color plateado o dorado.</p>
<p></span></p>

<p>Tocado elaborado con técnica de alambrismo, tejido a mano en alambre con baño en oro rosa. Decorado con mostacilla y cristales en tonos plata e ivory, crea un brillo sutil y sofisticado. Su diseño flexible permite adaptarlo fácilmente al peinado, perfecto para llevar como diadema o en estilo de corona griega, aportando un toque de [&hellip;]</p>
